late the highest common factor of 4 and j.
4
Let q(f) = -f**3 + 21*f**2 - 23*f + 92. Let c be q(20). Calculate the greatest common factor of 88 and c.
8
Let m(t) = -8*t**2 - 7*t - 30. Let u be m(-5). Let n = u + 405. Calculate the highest common factor of n and 30.
30
Let d = 986 - 918. Calculate the greatest common factor of d and 357.
17
Suppose 223 = i + 2*t, -4*t - 565 + 87 = -2*i. Suppose 15*n + 24 = 339. Calculate the greatest common factor of i and n.
21
Suppose 14*x - 9948 = -36. Calculate the highest common divisor of 12 and x.
12
Let t(b) = -b**2 + 25*b - 34. Let v be t(20). Calculate the highest common factor of 99 and v.
33
Suppose -123 + 35 = -4*c. Calculate the highest common divisor of c and 352.
22
Let d(y) be the second derivative of y**4/4 - 8*y**3/3 + 13*y**2/2 - 4*y. Let z be d(-6). Calculate the greatest common factor of z and 31.
31
Let z = -350 - -372. What is the greatest common divisor of z and 99?
11
Let j = -505 - -585. Calculate the greatest common factor of j and 128.
16
Let t = 28 - 17. Suppose 2*w = -5*r + 273, -4*r + 3*w - 11 = -234. What is the highest common factor of t and r?
11
Suppose 54*w = 9*w + 97920. Calculate the highest common divisor of 17 and w.
17
Suppose 2*o - 25 = 3*g, o - 12 = 4*g + 13. Let s be (-81)/((-6 + o)/1). What is the highest common factor of s and 9?
9
Let h(l) be the first derivative of l**3/3 + l**2 + 4*l + 3. Let y be h(-4). What is the highest common divisor of y and 3?
3
Let x(j) = 2*j**2 + 26*j + 47. Let p be x(-16). Let w be 0 - (1 - 0 - 14). What is the highest common divisor of w and p?
13
Suppose -4*t = -126 - 2. Let l(x) = 2*x**3 - 28*x**2 + 21*x + 69. Let n be l(13). Calculate the highest common divisor of t and n.
4
Let f = -41 - -44. Suppose 4*a = -v + 34, -4*v + 2*v + f*a = -13. Calculate the greatest common factor of v and 35.
7
Let o = 1737 + -1581. Calculate the greatest common factor of 208 and o.
52
Let s = 7 + -42. Let c be (-2)/(-7) - (-80)/s. Let h be (-6)/((-3)/(-14)*c). Calculate the greatest common factor of 14 and h.
14
Let x = -98 + 89. Let f be -7 - x - (-22 - 0). Calculate the highest common divisor of f and 16.
8
Suppose -28 = 3*b - 88. Let j be b*(-7 - -4)/(-6). Let w be 5 + 107 - (1 + 1). What is the highest common divisor of j and w?
10
Suppose 5*h + 4*s - 1 = -28, 0 = 4*h + 3*s + 21. Let v be (h/(-18))/(1/6). Let c be v*8 + 24/(-8). Calculate the greatest common divisor of c and 45.
5
Let o be (-4 - 48/(-9))*9. Suppose -g - 3*m + o = -13, 0 = -2*g + 4*m + 40. Calculate the greatest common factor of g and 33.
11
Suppose -3*i = 2*i - 115. Suppose 2*o + 32 = 5*j, -i = 2*j - 6*j - o. Calculate the highest common factor of j and 54.
6
Suppose -13*y + 18 = -34. What is the highest common factor of 176 and y?
4
Suppose 4*x + 10 = 2*z, -z + 30 = 2*z - 3*x. Let t(s) = 23*s - 6. Let h be t(2). Let g = -10 + h. What is the highest common factor of g and z?
15
Suppose 0 = 6*a + 7207 - 7387. Calculate the greatest common divisor of a and 10.
10
Let h = 44 - 29. Let f be h/(-2)*(-32)/6. Let g = -48 + 53. What is the greatest common divisor of f and g?
5
Let y = -19 - -40. Let u = -11182 + 11350. Calculate the highest common factor of y and u.
21
Suppose -3*x + 13 + 11 = 0. Suppose -3*s = -9*s. Suppose 2*g + 4*z = 124, -g - 4*z + 68 = -s*g. Calculate the highest common divisor of g and x.
8
Suppose 0 = -7*f - 0*f + 182. Let v be -10*(-1)/((-2)/5). Let w = v - -38. Calculate the highest common factor of f and w.
13
Let o be 32/56 - (-31)/7. Suppose 0*b = b + 2*w - 4, 0 = -o*w - 15. What is the highest common factor of 80 and b?
10
Let p be 39/(-13)*(-2 + (-4)/(-6)). Suppose 51*c - 53*c + 64 = 0. Calculate the greatest common divisor of p and c.
4
Suppose 4*l - q - 521 = 0, -2*l - 43 = -4*q - 307. Let f = l + -95. What is the greatest common divisor of f and 10?
5
Suppose 6079 = 5*w + 529. Calculate the highest common divisor of w and 15.
15
Suppose -12 = -2*d + u, 4*u + 8 = -0*u. Suppose d*l + 198 = 7*l. What is the greatest common divisor of 33 and l?
33
Suppose -a - 5 = -2. Let h be a/(-9) - (-64)/6. Suppose 5*g = -n - 116 + 392, g = -4*n + 59. Calculate the greatest common factor of g and h.
11
Let p = -22 - -27. Let i(h) = h**3 - 4*h**2 - 4*h - 9. Let f be i(p). Let b be (-183)/(-2) + (-2)/f. Calculate the greatest common factor of b and 23.
23
Suppose 0*l - 2*l + 44 = 0. Let v = l + -12. What is the highest common divisor of v and 40?
10
Let s be (-32)/(-24) - (-2)/3. Let t be -1 + (-108)/((-6)/s). What is the highest common divisor of t and 280?
35
Let j be 155*((-210)/(-25) + -3). What is the highest common divisor of j and 93?
93
Suppose 0 = -15*w + 13*w. Suppose 4*i + s + s - 562 = 0, 5*i - 5*s - 695 = w. Calculate the highest common factor of 28 and i.
28
Let i(y) = 14*y**3 - y**2 + 3*y - 2. Let q = 47 - 46. Let p be i(q). Calculate the greatest common factor of 70 and p.
14
Let h be (-1 - -11) + 0 + 1000. What is the greatest common divisor of 101 and h?
101
Suppose 2*h = 4*m + 4, -3*h = -5*m + 6 - 16. Suppose -6*d + h = -d. Let b(s) = 22*s - 4. Let k be b(d). What is the greatest common factor of k and 4?
4
Let a be ((-1353)/99 - (-1 - -1))*-3. Calculate the greatest common factor of a and 41.
41
Let c(y) = 18*y**2 - 100*y - 12. Let n be c(6). Calculate the greatest common divisor of n and 156.
12
Let o = 42 + 147. Calculate the greatest common divisor of 54 and o.
27
Let l(u) = u**3 + 12*u**2 + 23*u - 15. Let t be l(-5). Calculate the highest common divisor of 65 and t.
5
Let w be 1 + -2 + 102 + -2. Suppose 4*x + 3*r + 1 = 0, 0 = 3*x - 8*x + r - 6. Let l be 20*(-2)/(-4) + x. Calculate the highest common factor of l and w.
9
Suppose -5*k + 898 + 277 = d, -3*d = 0. What is the greatest common divisor of 10 and k?
5
Let g be 19/(190/(-20)) + (-1 - -53). Calculate the highest common factor of g and 60.
10
Let o be 0 - -1 - (14 + 3). Let b be 10/1 - (o - -19). What is the greatest common factor of 35 and b?
7
Suppose -4*g = -5*l + 15, -4*l + 5*g + 12 = -9. Let z be l - (0 + -17)*3. Calculate the highest common factor of 10 and z.
10
Suppose -9*x + 70*x = 70577. What is the highest common factor of 89 and x?
89
Let f be 4 + -2 + (-4 - -30). Suppose -r - 127 = 4*l, -3*l - r = -2*l + f. Let g = -21 - l. Calculate the greatest common divisor of g and 12.
12
Let d = 8 - 29. Let l be (-14)/(-10) - d/35. What is the highest common factor of 6 and l?
2
Let w = 19 - 11. Let c be ((-2268)/16)/(2/w). Let t be (-1)/(3/c) - 2. Calculate the highest common divisor of 17 and t.
17
Let z(m) = 4*m**2 - 10*m + 16. Let k be z(5). Suppose -x = 5*d - 39, 4*d = -4*x + 58 + k. Calculate the greatest common factor of x and 116.
29
Let m(v) = 4*v - 6. Let x = 14 + -10. Let w be m(x). Let q be (210/12)/(11/44). What is the highest common divisor of w and q?
10
Let o be 40/4 + -13 - (-930 - 1). Calculate the highest common divisor of 29 and o.
29
Suppose 2*j - 64 = -4*n, -5*j + 47 = -4*j - n. Let m(g) = 3*g + 7. Suppose -11 = -5*d + 24. Let q be m(d). What is the greatest common divisor of j and q?
14
Let b = 281 - 226. Calculate the greatest common divisor of b and 11.
11
Suppose -5*b = -u + 1, 0*u - 4*b + 76 = -4*u. Let s(t) = 9*t + 5. Let w be s(-5). Let v = u - w. Calculate the greatest common divisor of v and 128.
16
Suppose -4*g + 6*g = -46. Let d = 29 + g. What is the highest common factor of d and 66?
6
Suppose -5*q = 25, 27 + 2 = 2*n - 5*q. Calculate the highest common divisor of n and 25.
1
Let u be (-72)/(-10) + (-20)/100. Calculate the highest common factor of 49 and u.
7
Let v be (-1)/3 - (-95)/15. Let y = 1 + v. What is the greatest common factor of y and 77?
7
Suppose 3*o - 46 = o + 4*v, 0 = -2*o + 2*v + 50. Calculate the highest common factor of o and 729.
27
Let j = 1832 + -1814. Calculate the greatest common factor of 27 and j.
9
Suppose 5*l - 5*u + 25 = 0, 2*u = 4*l - 7*l - 30. Let j = 12 - l. What is the greatest common factor of j and 50?
10
Let d be 4*(25 + (-12)/(-4)). Suppose 0*u + 3*u = 3. Suppose -i + 13 = -u. Calculate the highest common divisor of d and i.
14
Let u = -632 - -668. What is the highest common divisor of 63 and u?
9
Suppose -20 = -8*m + 4. Let n be 3 + 10/m*3/1. Calculate the greatest common divisor of n and 13.
13
Suppose -3*x + 16 = x, -4